 111*a - 283. Give t(105).
347
Let j(w) = -58*w + 170. Calculate j(1).
112
Let l(h) = 31422*h - 31425. What is l(1)?
-3
Let w(z) = 246*z**2 + 9852*z + 516. Give w(-40).
36
Let a(t) = 1796*t + 12. Calculate a(0).
12
Let t(r) = 6*r**3 - 7*r**2 + 179*r + 1386. Give t(-8).
-3566
Let x(l) = -8*l**3 - 134*l**2 - 98*l - 8. Determine x(-16).
24
Let l(p) = -6*p**2 + 1825*p + 98625. Give l(351).
-6
Let o(g) = 45*g**2 - 7071*g + 102364. Give o(141).
-2
Let m(j) = -j**3 - j**2 + 421*j - 2961. What is m(14)?
-7
Let v(s) = -s**3 + 24*s**2 + 16*s - 13. What is v(4)?
371
Let y(p) = p**3 - 3*p**2 - 4002*p + 6253. Determine y(64).
-19
Let c(a) = -a**3 - 231*a**2 - 285*a - 12657. Calculate c(-230).
-7
Let b(p) = p**2 - 20364*p + 122179. Calculate b(6).
31
Let x(f) = 12*f**2 + 448*f + 118. Give x(-35).
-862
Let a(i) = 15*i**2 + 2473*i + 14794. Determine a(-6).
496
Let d(w) = 14*w**3 - 29*w**2 - 41*w + 26. Give d(-2).
-120
Let o(f) = 6021*f + 37449. What is o(-6)?
1323
Let p(c) = -5*c**2 - 315*c + 19888. What is p(39)?
-2
Let w(v) = -v**3 - 26*v**2 - 1816*v - 35921. Calculate w(-21).
10
Let k(o) = 70*o**2 - 537*o - 43. What is k(9)?
794
Let y(o) = o**3 + 47*o**2 + 523*o + 5655. Determine y(-37).
-6
Let s(k) = -29312*k + 1348301. Calculate s(46).
-51
Let k(l) = l**2 + 24053*l + 168344. Calculate k(-7).
22
Let l(r) = r**3 + 21*r**2 + 131*r + 4876. Determine l(-24).
4
Let a(j) = -12*j**3 + 334*j**2 - 255*j - 449. Determine a(27).
-44
Let a(l) = -20223*l**2 - 121351*l - 18. Give a(-6).
60
Let d(v) = -30338*v + 6431662. What is d(212)?
6
Let p(c) = -22*c**2 + 307*c + 815. Calculate p(13).
1088
Let k(s) = 3*s**3 - 33*s**2 + 17*s + 178. What is k(3)?
13
Let v(i) = -2314*i**2 - 148098*i - 208. What is v(-64)?
-80
Let s(q) = 4872*q + 940295. What is s(-193)?
-1
Let c(k) = 7*k**3 + 1659*k**2 - 3*k - 998. Determine c(-237).
-287
Let w(l) = 2*l**3 - 12*l**2 - 31*l + 275. Calculate w(9).
482
Let a(z) = 6*z**2 + 688*z - 204524. Give a(136).
20
Let f(u) = 2519*u - 12670. Give f(7).
4963
Let p(c) = 95106*c - 285327. Determine p(3).
-9
Let l(m) = -m**3 + 13*m**2 + 23946*m - 287473. What is l(12)?
23
Let r(l) = 12*l**3 + 44*l**2 + 483*l + 1372. Give r(-3).
-5
Let k(d) = 10*d**2 + 1427*d - 303857. Determine k(117).
-8
Let k(n) = -2763*n + 392353. What is k(142)?
7
Let t(m) = -2*m**3 + 6*m**2 + 179*m - 702. Determine t(4).
-18
Let w(m) = -m**3 - 209*m**2 + 1281*m + 20. Determine w(6).
-34
Let a(l) = l**2 + 6411*l + 95421. Determine a(-15).
-519
Let y(i) = 25714*i - 1105705. Determine y(43).
-3
Let j(x) = -x**3 + 45*x**2 + 2*x - 1871. Give j(44).
153
Let g(h) = 834*h - 363630. Give g(436).
-6
Let l(r) = -202*r**2 - 4444*r + 43. Calculate l(-22).
43
Let h(o) = 521*o + 29901. What is h(-57)?
204
Let q(c) = -c**2 - 34*c + 244. Calculate q(-20).
524
Let s(q) = -81*q**2 - 4111*q - 17840. What is s(-46)?
-130
Let o(w) = w**2 + 130*w - 256. Determine o(2).
8
Let l(f) = -663*f + 24074. Calculate l(35).
869
Let z(c) = -2*c**2 - 895*c - 43543. What is z(-52)?
-2411
Let a(p) = -998*p**2 + 2982*p + 9. Determine a(3).
-27
Let w(v) = 3*v**3 - 306*v**2 - 311*v + 180. Calculate w(103).
-26
Let j(o) = 908*o - 24533. Give j(27).
-17
Let n(c) = -499*c + 132752. Calculate n(266).
18
Let k(j) = -35*j**2 - 734*j + 8485. Give k(12).
-5363
Let z(g) = 5*g**3 + 33*g**2 + 184*g + 292. Calculate z(-3).
-98
Let g(f) = 9615*f + 19005. Determine g(-2).
-225
Let x(b) = 697604*b + 25811351. Give x(-37).
3
Let s(q) = 2*q**3 + 134*q**2 - 410*q. What is s(3)?
30
Let r(x) = x**3 - 485*x**2 - 144*x + 69778. What is r(485)?
-62
Let h(o) = -14*o**2 - 11081*o - 66404. Calculate h(-6).
-422
Let r(x) = 108*x**2 + 21921*x - 610. Calculate r(-203).
-1
Let q(s) = 68606*s - 205756. Give q(3).
62
Let h(l) = -1535*l - 124342. Determine h(-81).
-7
Let g(z) = -2*z**3 + 4*z**2 + 440*z - 2546. Calculate g(7).
44
Let l(s) = 438*s**2 - 1306*s - 13. What is l(3)?
11
Let s(l) = -l**3 + 32*l**2 + 14*l - 564. Give s(32).
-116
Let r(p) = 12791*p + 1100024. What is r(-86)?
-2
Let c(q) = 97*q**2 - 2186*q + 7918. Calculate c(18).
-2
Let x(a) = a**3 + 30*a**2 + 180*a + 9. Calculate x(-18).
657
Let g(v) = 5*v**3 + v**2 - 2582*v - 14441. Give g(-6).
7
Let a(b) = -445*b + 28410. Give a(64).
-70
Let l(d) = 6*d**3 + 69*d**2 - 155*d + 770. What is l(-14)?
0
Let z(f) = f**2 - 79*f - 634. What is z(-18)?
1112
Let l(a) = -2*a**2 - 200*a - 3749. Determine l(-24).
-101
Let s(o) = -49*o**3 + 260*o**2 - 45*o + 13. Determine s(5).
163
Let o(d) = -d**3 + 582*d**2 - 25157*d + 1. Give o(47).
-563
Let b(x) = -2*x**3 - 180*x**2 + 178*x - 88. What is b(-91)?
276
Let r(q) = 5*q**3 - 136*q**2 - 616*q + 878. What is r(31)?
41
Let y(j) = j**3 + 1029*j**2 - 1062*j + 33. What is y(1)?
1
Let a(u) = 11343*u - 192628. Determine a(17).
203
Let m(z) = -z**3 + 27*z - 30. What is m(4)?
14
Let s(t) = 290244*t + 1451488. Determine s(-5).
268
Let v(x) = -65*x**2 + 12349*x + 196. Determine v(190).
6
Let t(o) = -2884*o**2 - 2875*o + 56. Calculate t(-1).
47
Let l(n) = 5*n**2 + 44274*n + 2. What is l(0)?
2
Let d(u) = -9788514*u - 39154048. Give d(-4).
8
Let u(y) = -645*y - 270769. Calculate u(-420).
131
Let k(b) = 145060*b - 1015420. Calculate k(7).
0
Let j(v) = 121008*v - 5566360. Give j(46).
8
Let w(n) = 1768113*n + 17681113. Give w(-10).
-17
Let x(b) = b**3 - 140*b**2 - 20*b + 5669. Calculate x(140).
2869
Let f(k) = -2283*k + 520564. Calculate f(228).
40
Let j(y) = -17154*y - 2212865. Calculate j(-129).
1
Let y(u) = 2*u**3 + 933*u**2 + 27. What is y(0)?
27
Let k(q) = 45*q**2 - 556*q - 1118. What is k(-2)?
174
Let w(d) = d**3 + 997*d**2 + 30887*d + 6743. What is w(-965)?
-12
Let d(g) = g**2 - 98*g + 1043. What is d(13)?
-62
Let o(k) = -91*k - 3105. Determine o(-24).
-921
Let d(t) = -3*t**3 + 168*t**2 + 2849*t - 1274. Calculate d(-14).
0
Let k(n) = 17*n**2 - 13*n - 523. What is k(-4)?
-199
Let o(w) = 458*w**2 + 10091*w + 91. What is o(-22)?
-239
Let h(r) = 5*r**3 - 506*r**2 - 148*r + 25151. What is h(101)?
2
Let g(c) = 3*c**2 - 169*c + 1081. Give g(8).
-79
Let n(o) = o**3 + 21*o**2 - 3235*o - 26710. Determine n(-8).
2
Let p(d) = 8*d**3 + 48*d**2 + 39*d + 10. What is p(-1)?
11
Let o(x) = x**3 + 184*x**2 + 1218*x - 3647. Calculate o(-177).
70
Let d(j) = 53887*j + 215288. Calculate d(-4).
-260
Let j(h) = -200*h**2 - 782*h. Determine j(-4).
-72
Let x(j) = -7*j**2 - 1177*j - 1344. What is x(-167)?
-8
Let p(j) = 14*j**2 - 2289*j + 16126. Determine p(156).
-254
Let g(r) = r**2 - 93*r + 1009. Determine g(8).
329
Let g(o) = -461*o**2 - 12916*o - 78. Give g(-28).
146
Let x(v) = -510*v + 1481. Calculate x(0).
1481
Let b(t) = -t**3 + 22*t**2 + 125*t - 1402. Determine b(24).
446
Let a(x) = 15380*x + 138415. Give a(-9).
-5
Let z(x) = -5129*x + 41043. Determine z(8).
11
Let k(l) = 445*l - 2894. Calculate k(6).
-224
Let w(b) = -1524*b - 469388. Give w(-308).
4
Let r(v) = 4512*v + 17140. What is r(-4)?
-908
Let z(r) = -152*r + 92. Determine z(6).
-820
Let d(q) = 5830*q + 11679. Determine d(-2).
19
Let j(z) = 544*z - 254. What is j(0)?
-254
Let h(b) = b**2 - 1070*b + 202128. Give h(245).
3
Let r(z) = -562048*z + 562083. What is r(1)?
35
Let z(r) = r + 585. Give z(32).
617
Let l(a) = -15447*a - 818690. What is l(-53)?
1
Let x(i) = 3*i**2 + 116*i + 758. What is x(-10)?
-102
Let m(k) = k**3 - 2*k**2 + 46*k - 752. Calculate m(8).
0
Let n(d) = -36*d**2 + 1401*d + 39573. Give n(-19).
-42
Let n(h) = h**3 + 88*h**2 + 742*h + 83205. Calculate n(-90).
225
Let s(n) = 132828*n - 5844444. Give s(44).
-12
Let c(l) = -15*l**3 + 3736*l**2 - 729*l + 119527. Give c(249).
7
Let z(b) = -8*b**2 + 1568*b + 8033. What is z(201)?
-7
Let o(t) = -t**2 + 52*t + 1824. Determine o(79).
-309
Let u(f) = f**3 + 44*f**2 - 98*f - 319. Determine u(-46).
-43
Let k(i) = 2*i**3 + 226*i**2 - 2470*i - 1122. Give k(-123).
108
Let v(m) = -7971*m + 31892. Give v(4).
8
Let y(v) = -v**2 + 468*v - 53184. Determine y(195).
51
Let s(x) = -5918*x - 35689. Determine s(-6).
-181
Let y(g) = 310*g + 24831. Give y(-80).
31
Let a(b) = 13816*b + 3771765. What is a(-273)?
-3
Let v(w) = 415902*w + 10813445. Determine v(-26).
-7
Let r(f) = f**3 + 71*f**2 + 795*f - 525. Give r(-57).
-354
Let o(r) = -11*r**2 - 3210*r - 4869. Determine o(-290).
931
Let d(t) = t**3 + 3*t**2 - 40*t + 838. Calculate d(-12).
22
Let y(z) = 201*z - 4716. What is y(23)?
-93
Let n(a)